{"id":769,"date":"2025-01-20T20:33:49","date_gmt":"2025-01-20T20:33:49","guid":{"rendered":"https:\/\/forum.equilibrevital.net\/index.php\/current-jobs\/"},"modified":"2025-02-06T00:27:21","modified_gmt":"2025-02-06T00:27:21","slug":"current-jobs","status":"publish","type":"page","link":"https:\/\/forum.equilibrevital.net\/index.php\/current-jobs\/","title":{"rendered":"Formation et Emploi"},"content":{"rendered":"\t\t<div data-elementor-type=\"wp-page\" data-elementor-id=\"769\" class=\"elementor elementor-769\">\n\t\t\t\t<div class=\"elementor-element elementor-element-ea0a15c e-con-full e-flex e-con e-parent\" data-id=\"ea0a15c\" data-element_type=\"container\" data-e-type=\"container\">\n\t\t<div class=\"elementor-element elementor-element-584718d e-con-full e-flex e-con e-child\" data-id=\"584718d\" data-element_type=\"container\" data-e-type=\"container\">\n\t\t\t\t<div class=\"elementor-element elementor-element-48763fb elementor-widget elementor-widget-html\" data-id=\"48763fb\" data-element_type=\"widget\" data-e-type=\"widget\" data-widget_type=\"html.default\">\n\t\t\t\t<div class=\"elementor-widget-container\">\n\t\t\t\t\t<style>\r\n    .directory {\r\n        font-family: Arial, sans-serif;\r\n    }\r\n    .directory h3 {\r\n        color: #800080; \/* Couleur mauve *\/\r\n        text-align: center;\r\n        margin-bottom: 20px;\r\n    }\r\n    .directory h3 {\r\n        color: #333;\r\n        margin-top: 20px;\r\n    }\r\n    .directory p {\r\n        margin: 5px 0;\r\n    }\r\n    .directory .address,\r\n    .directory .dropdown {\r\n        border: 1px solid #ddd;\r\n        margin: 10px 0;\r\n        padding: 15px;\r\n        border-radius: 5px;\r\n        box-shadow: 0 0 10px rgba(0, 0, 0, 0.1);\r\n        background-color: #fff;\r\n    }\r\n    .directory .dropdown {\r\n        cursor: pointer;\r\n    }\r\n    .directory .dropdown-content {\r\n        display: none;\r\n        margin-top: 10px;\r\n    }\r\n    .directory .dropdown:hover .dropdown-content {\r\n        display: block;\r\n    }\r\n    .directory .highlight {\r\n        font-weight: bold;\r\n        color: #4B0082; \/* Indigo *\/\r\n    }\r\n<\/style>\r\n\r\n<div class=\"directory\">\r\n    <h2>Premier emploi \u00e0 Bruxelles : Adresses utiles<\/h2>\r\n\r\n    <div class=\"address\">\r\n        <h3>ACTIRIS<\/h3>\r\n        <p><strong>Si\u00e8ge central<\/strong><\/p>\r\n        <p>Av de l\u2019Astronomie, 14<\/p>\r\n        <p>1210 St-Josse-ten-Noode<\/p>\r\n        <p>Tel: 0800 35 123<\/p>\r\n        <p><a href=\"http:\/\/www.actiris.be\" target=\"_blank\">www.actiris.be<\/a><\/p>\r\n        <p>chercheursemploi@actiris.be<\/p>\r\n        <p>Uniquement sur rendez-vous<\/p>\r\n    <\/div>\r\n\r\n    <div class=\"dropdown\">\r\n        <h3>Antennes ACTIRIS (carte sur le site)<\/h3>\r\n        <div class=\"dropdown-content\">\r\n            <p><span class=\"highlight\">Anderlecht<\/span><br>Rue de Birmingham 225<br>1070 Bruxelles<\/p>\r\n            <p><span class=\"highlight\">Berchem-Sainte-Agathe<\/span><br>Chauss\u00e9e de Gand 1154<br>1082 Berchem-Sainte-Agathe<\/p>\r\n            <p><span class=\"highlight\">Bruxelles<\/span><br>Boulevard d\u2019Anvers 26<br>1000 Bruxelles<\/p>\r\n            <p><span class=\"highlight\">Etterbeek<\/span><br>Boulevard Louis Schmidt 29<br>1040 Bruxelles<\/p>\r\n            <p><span class=\"highlight\">Evere<\/span><br>Rue de Gen\u00e8ve 175<br>1140 Evere<\/p>\r\n            <p><span class=\"highlight\">Forest<\/span><br>Rue de la Station 17<br>1190 Bruxelles<\/p>\r\n            <p><span class=\"highlight\">Ganshoren<\/span><br>Place Reine Paola 11<br>1083 Bruxelles<\/p>\r\n            <p><span class=\"highlight\">Ixelles<\/span><br>Rue du Coll\u00e8ge 30<br>1050 Bruxelles<\/p>\r\n            <p><span class=\"highlight\">Jette<\/span><br>Rue L\u00e9on Th\u00e9odor 108<br>1090 Bruxelles<\/p>\r\n            <p><span class=\"highlight\">Molenbeek<\/span><br>Rue Vandenboogaerde 91<br>1080 Bruxelles<\/p>\r\n            <p><span class=\"highlight\">Saint-Gilles<\/span><br>Rue de M\u00e9rode 143<br>1060 Bruxelles<\/p>\r\n            <p><span class=\"highlight\">Saint-Josse-ten-Noode<\/span><br>Avenue de l\u2019Astronomie 30<br>1210 Bruxelles<\/p>\r\n            <p><span class=\"highlight\">Schaerbeek<\/span><br>Rue de J\u00e9rusalem 46<br>1030 Bruxelles<\/p>\r\n            <p><span class=\"highlight\">Uccle<\/span><br>Chauss\u00e9e d\u2019Alsemberg 1011<br>1180 Bruxelles<\/p>\r\n            <p><span class=\"highlight\">Watermael-Boitsfort<\/span><br>Rue du Pinson 127<br>1170 Watermael-Boitsfort<\/p>\r\n            <p><span class=\"highlight\">Woluwe-Saint-Lambert<\/span><br>Chauss\u00e9e de Roodebeek, 137<br>1200 Bruxelles<\/p>\r\n            <p><span class=\"highlight\">Woluwe-Saint-Pierre<\/span><br>Av Charles Thielemans 93<br>1150 Bruxelles<\/p>\r\n        <\/div>\r\n    <\/div>\r\n\r\n    <div class=\"address\">\r\n        <h3>Missions locales<\/h3>\r\n        <p>Lieux d\u2019aide \u00e0 la recherche d\u2019emploi et \u00e0 l\u2019insertion socio-professionnelle.<\/p>\r\n        <p>Pour plus d'informations, visitez ce <a href=\"https:\/\/be.brussels\/fr\/emploi\/un-emploi-bruxelles\/missions-locales-dinsertion-socio-professionnelle\" target=\"_blank\">lien<\/a>.<\/p>\r\n    <\/div>\r\n\r\n    <div class=\"address\">\r\n        <h3>ONEM<\/h3>\r\n        <p><strong>Office National de l\u2019Emploi<\/strong><\/p>\r\n        <p>Administration centrale<br>Boulevard de l\u2019Empereur 7<br>1000 Bruxelles<\/p>\r\n        <p>Tel : (32) 2 515 41 11<\/p>\r\n        <p><a href=\"mailto:reglement@onem.be\">reglement@onem.be<\/a> (pour toute question li\u00e9e \u00e0 la r\u00e9glementation)<\/p>\r\n        <p><a href=\"http:\/\/www.onem.be\" target=\"_blank\">www.onem.be<\/a><\/p>\r\n    <\/div>\r\n\r\n    <div class=\"address\">\r\n        <h3>Bureau du ch\u00f4mage de Bruxelles<\/h3>\r\n        <p>Chauss\u00e9e de Charleroi 60<br>1060 Bruxelles<\/p>\r\n        <p>Tel : (32) 2 515 44 44<\/p>\r\n        <p><a href=\"mailto:directionbcbruxelles@onem.be\">directionbcbruxelles@onem.be<\/a><\/p>\r\n    <\/div>\r\n\r\n    <div class=\"address\">\r\n        <h3>Service Public F\u00e9d\u00e9ral<\/h3>\r\n        <p><strong>SPF Emploi, Travail et Concertation sociale<\/strong><\/p>\r\n        <p>Rue Ernest Blerot 1<br>1070 Bruxelles<\/p>\r\n        <p>Tel : (32) 2 233 41 11<\/p>\r\n        <p>Fax : (32) 2 233 44 88<\/p>\r\n        <p><a href=\"http:\/\/www.emploi.belgique.be\" target=\"_blank\">www.emploi.belgique.be<\/a><\/p>\r\n        <p><a href=\"mailto:spf@emploi.belgique.be\">spf@emploi.belgique.be<\/a><\/p>\r\n    <\/div>\r\n<\/div>\t\t\t\t<\/div>\n\t\t\t\t<\/div>\n\t\t\t\t<\/div>\n\t\t<div class=\"elementor-element elementor-element-333e6d0 e-con-full e-flex e-con e-child\" data-id=\"333e6d0\" data-element_type=\"container\" data-e-type=\"container\">\n\t\t\t\t<div class=\"elementor-element elementor-element-deec3f7 elementor-widget elementor-widget-html\" data-id=\"deec3f7\" data-element_type=\"widget\" data-e-type=\"widget\" data-widget_type=\"html.default\">\n\t\t\t\t<div class=\"elementor-widget-container\">\n\t\t\t\t\t <!DOCTYPE html>\r\n<html lang=\"fr\">\r\n<head>\r\n    <meta charset=\"UTF-8\">\r\n    <meta http-equiv=\"X-UA-Compatible\" content=\"IE=edge\">\r\n    <meta name=\"viewport\" content=\"width=device-width, initial-scale=1.0\">\r\n    <meta name=\"description\" content=\"Page de r\u00e9f\u00e9rences d'emploi\">\r\n    <title>R\u00e9f\u00e9rences d'Emploi<\/title>\r\n    <style>\r\n        \/* Conteneur principal *\/\r\n        .references-container {\r\n            max-width: 1200px;\r\n            margin: 20px auto;\r\n            padding: 20px;\r\n            background-color: #f9f9f9;\r\n            border-radius: 10px;\r\n            box-shadow: 0 4px 8px rgba(0, 0, 0, 0.1);\r\n            font-family: Arial, sans-serif;\r\n        }\r\n        \/* Titre principal *\/\r\n        .references-title {\r\n            font-size: 2rem;\r\n            color: #333;\r\n            text-align: center;\r\n            margin-bottom: 20px;\r\n            border-bottom: 2px solid #ddd;\r\n            padding-bottom: 10px;\r\n        }\r\n        \/* Cat\u00e9gories *\/\r\n        .references-category-title {\r\n            font-size: 1.5rem;\r\n            color: #555;\r\n            margin: 20px 0 10px;\r\n        }\r\n        \/* Bloc de r\u00e9f\u00e9rences *\/\r\n        .references-block {\r\n            display: grid;\r\n            grid-template-columns: repeat(auto-fit, minmax(250px, 1fr));\r\n            gap: 20px;\r\n        }\r\n        \/* \u00c9l\u00e9ment individuel *\/\r\n        .reference-item {\r\n            background-color: #fff;\r\n            border: 1px solid #ddd;\r\n            border-radius: 8px;\r\n            padding: 15px;\r\n            box-shadow: 0 2px 4px rgba(0, 0, 0, 0.1);\r\n            transition: transform 0.2s, box-shadow 0.2s;\r\n        }\r\n        .reference-item:hover {\r\n            transform: translateY(-5px);\r\n            box-shadow: 0 4px 10px rgba(0, 0, 0, 0.2);\r\n        }\r\n        \/* Lien *\/\r\n        .reference-item a {\r\n            text-decoration: none;\r\n            color: #007bff;\r\n            font-weight: bold;\r\n        }\r\n        \/* Adaptation mobile *\/\r\n        @media (max-width: 768px) {\r\n            .references-title {\r\n                font-size: 1.8rem;\r\n            }\r\n            .references-category-title {\r\n                font-size: 1.3rem;\r\n            }\r\n        }\r\n    <\/style>\r\n<\/head>\r\n<body>\r\n    <div class=\"references-container\">\r\n        <h1 class=\"references-title\">R\u00e9f\u00e9rences d'Emploi<\/h1>\r\n        <!-- Section : Sites Officiels de l'Emploi -->\r\n        <h2 class=\"references-category-title\">Sites Officiels de l'Emploi<\/h2>\r\n        <div class=\"references-block\">\r\n            <div class=\"reference-item\"><a href=\"https:\/\/www.actiris.be\" target=\"_blank\">Actiris<\/a><\/div>\r\n            <div class=\"reference-item\"><a href=\"https:\/\/www.leforem.be\" target=\"_blank\">Le FOREM<\/a><\/div>\r\n            <div class=\"reference-item\"><a href=\"https:\/\/www.vdab.be\" target=\"_blank\">VDAB<\/a><\/div>\r\n            <div class=\"reference-item\"><a href=\"https:\/\/www.adg.be\" target=\"_blank\">ADG<\/a><\/div>\r\n            <div class=\"reference-item\"><a href=\"https:\/\/www.onem.be\" target=\"_blank\">ONEM<\/a><\/div>\r\n            <div class=\"reference-item\"><a href=\"https:\/\/www.emploi.belgique.be\" target=\"_blank\">Service public f\u00e9d\u00e9ral de l'emploi et du travail<\/a><\/div>\r\n        <\/div>\r\n        <!-- Section : Sites G\u00e9n\u00e9ralistes d'Offres d'Emploi -->\r\n        <h2 class=\"references-category-title\">Sites G\u00e9n\u00e9ralistes d'Offres d'Emploi<\/h2>\r\n        <div class=\"references-block\">\r\n            <div class=\"reference-item\"><a href=\"https:\/\/www.jobat.be\" target=\"_blank\">Jobat<\/a><\/div>\r\n            <div class=\"reference-item\"><a href=\"https:\/\/references.lesoir.be\" target=\"_blank\">R\u00e9f\u00e9rences<\/a><\/div>\r\n            <div class=\"reference-item\"><a href=\"https:\/\/www.monster.be\" target=\"_blank\">Monster<\/a><\/div>\r\n            <div class=\"reference-item\"><a href=\"https:\/\/www.stepstone.be\" target=\"_blank\">Stepstone<\/a><\/div>\r\n            <div class=\"reference-item\"><a href=\"https:\/\/www.searchselection.com\" target=\"_blank\">Recherche et s\u00e9lection<\/a><\/div>\r\n        <\/div>\r\n        <!-- Section : Moteurs de Recherche d'Emploi -->\r\n        <h2 class=\"references-category-title\">Moteurs de Recherche d'Emploi<\/h2>\r\n        <div class=\"references-block\">\r\n            <div class=\"reference-item\"><a href=\"https:\/\/www.indeed.com\" target=\"_blank\">Indeed<\/a><\/div>\r\n            <div class=\"reference-item\"><a href=\"https:\/\/be.jooble.org\" target=\"_blank\">Jooble<\/a><\/div>\r\n            <div class=\"reference-item\"><a href=\"https:\/\/www.myjob.be\" target=\"_blank\">Myjob.be<\/a><\/div>\r\n            <div class=\"reference-item\"><a href=\"https:\/\/www.optioncarriere.be\" target=\"_blank\">Option carri\u00e8re<\/a><\/div>\r\n            <div class=\"reference-item\"><a href=\"https:\/\/www.simplyhired.com\" target=\"_blank\">SimplyHired<\/a><\/div>\r\n            <div class=\"reference-item\"><a href=\"https:\/\/www.trovit.be\" target=\"_blank\">Trovit<\/a><\/div>\r\n            <div class=\"reference-item\"><a href=\"https:\/\/www.jobijoba.be\" target=\"_blank\">Jobijoba<\/a><\/div>\r\n            <div class=\"reference-item\"><a href=\"https:\/\/be.jobrapido.com\" target=\"_blank\">Jobrapido<\/a><\/div>\r\n            <div class=\"reference-item\"><a href=\"https:\/\/mitula.be\" target=\"_blank\">Mitula<\/a><\/div>\r\n            <div class=\"reference-item\"><a href=\"https:\/\/www.onlyengineerjobs.be\" target=\"_blank\">Only Engineer Jobs<\/a><\/div>\r\n        <\/div>\r\n        <!-- Section : Sites d'Offres des Secteurs Professionnels -->\r\n        <h2 class=\"references-category-title\">Sites d'Offres des Secteurs Professionnels<\/h2>\r\n        <div class=\"references-block\">\r\n            <div class=\"reference-item\"><a href=\"https:\/\/www.acodev.be\" target=\"_blank\">ACODEV<\/a><\/div>\r\n            <div class=\"reference-item\"><a href=\"https:\/\/alterjob.be\" target=\"_blank\">Alterjob<\/a><\/div>\r\n            <div class=\"reference-item\"><a href=\"https:\/\/www.misterconstruct.be\" target=\"_blank\">Mister Construct<\/a><\/div>\r\n            <div class=\"reference-item\"><a href=\"https:\/\/www.cinergie.be\" target=\"_blank\">Cinergie<\/a><\/div>\r\n            <div class=\"reference-item\"><a href=\"https:\/\/www.droitbelge.be\" target=\"_blank\">Droit Belge<\/a><\/div>\r\n            <div class=\"reference-item\"><a href=\"https:\/\/www.enseignement.be\" target=\"_blank\">Enseignement \u2013 \u200b\u200bF\u00e9d\u00e9ration Wallonie-Bruxelles<\/a><\/div>\r\n            <div class=\"reference-item\"><a href=\"https:\/\/www.guidesocial.be\" target=\"_blank\">Guide Social<\/a><\/div>\r\n            <div class=\"reference-item\"><a href=\"https:\/\/www.misterhoreca.com\" target=\"_blank\">Mister Horeca<\/a><\/div>\r\n            <div class=\"reference-item\"><a href=\"https:\/\/www.prohoreca.be\" target=\"_blank\">Pro Horeca<\/a><\/div>\r\n            <div class=\"reference-item\"><a href=\"https:\/\/www.jobpol.be\" target=\"_blank\">La police<\/a><\/div>\r\n            <div class=\"reference-item\"><a href=\"https:\/\/www.mil.be\" target=\"_blank\">L'arm\u00e9e<\/a><\/div>\r\n            <div class=\"reference-item\"><a href=\"https:\/\/www.segec.be\" target=\"_blank\">Enseignement Catholique<\/a><\/div>\r\n            <div class=\"reference-item\"><a href=\"https:\/\/www.selor.be\" target=\"_blank\">Le SELOR<\/a><\/div>\r\n            <div class=\"reference-item\"><a href=\"https:\/\/www.culture.be\" target=\"_blank\">Culture.be<\/a><\/div>\r\n            <div class=\"reference-item\"><a href=\"https:\/\/www.medination.be\" target=\"_blank\">MediNation<\/a><\/div>\r\n        <\/div>\r\n        <!-- Section : Services pour Aider \u00e0 Partir Travailler \u00e0 l'\u00c9tranger -->\r\n        <h2 class=\"references-category-title\">Services pour Aider \u00e0 Partir Travailler \u00e0 l'\u00c9tranger<\/h2>\r\n        <div class=\"references-block\">\r\n            <div class=\"reference-item\"><a href=\"https:\/\/eures.europa.eu\/living-and-working\/job-vacancies-insights_fr\" target=\"_blank\">EURES<\/a><\/div>\r\n            <div class=\"reference-item\"><a href=\"https:\/\/www.actiris.brussels\/fr\/citoyens\/travailler-en-dehors-de-bruxelles\/\" target=\"_blank\">Actiris International<\/a><\/div>\r\n            <div class=\"reference-item\"><a href=\"https:\/\/europa.eu\/youth\/home_fr\" target=\"_blank\">Portail europ\u00e9en de la jeunesse<\/a><\/div>\r\n        <\/div>\r\n        <!-- Section : Agences de Recrutement pour la R\u00e9insertion Professionnelle -->\r\n        <h2 class=\"references-category-title\">Agences de Recrutement pour la R\u00e9insertion Professionnelle<\/h2>\r\n        <div class=\"references-block\">\r\n            <div class=\"reference-item\"><a href=\"#\">Unago recrutement<\/a><\/div>\r\n        <\/div>\r\n        <!-- Section : R\u00e9seaux sociaux professionnels -->\r\n        <h2 class=\"references-category-title\">R\u00e9seaux sociaux professionnels<\/h2>\r\n        <div class=\"references-block\">\r\n            <div class=\"reference-item\"><a href=\"https:\/\/www.linkedin.com\" target=\"_blank\">LinkedIn<\/a><\/div>\r\n            <div class=\"reference-item\"><a href=\"https:\/\/www.xing.com\" target=\"_blank\">Xing<\/a><\/div>\r\n            <div class=\"reference-item\"><a href=\"https:\/\/www.viadeo.com\" target=\"_blank\">Viadeo<\/a><\/div>\r\n            <div class=\"reference-item\"><a href=\"https:\/\/euraxess.ec.europa.eu\" target=\"_blank\">Euraxess<\/a><\/div>\r\n            <div class=\"reference-item\"><a href=\"https:\/\/www.expatica.com\" target=\"_blank\">Expatica<\/a><\/div>\r\n            <div class=\"reference-item\"><a href=\"https:\/\/www.meetup.com\" target=\"_blank\">Meetup<\/a><\/div>\r\n            <div class=\"reference-item\"><a href=\"https:\/\/hub.brussels\" target=\"_blank\">Hub.Brussels<\/a><\/div>\r\n            <div class=\"reference-item\"><a href=\"https:\/\/www.expat.com\" target=\"_blank\">Expat.com<\/a><\/div>\r\n        <\/div>\r\n        <!-- Section : Emplois intermittents \u00e0 Bruxelles -->\r\n        <h2 class=\"references-category-title\">Emplois intermittents \u00e0 Bruxelles<\/h2>\r\n        <div class=\"references-block\">\r\n            <div class=\"reference-item\"><a href=\"https:\/\/www.michaelpage.be\" target=\"_blank\">Michael Page Belgique<\/a><\/div>\r\n            <div class=\"reference-item\"><a href=\"https:\/\/www.adecco.be\" target=\"_blank\">Adecco Interim<\/a><\/div>\r\n            <div class=\"reference-item\"><a href=\"https:\/\/www.flextra.be\" target=\"_blank\">Flextra Interim<\/a><\/div>\r\n            <div class=\"reference-item\"><a href=\"https:\/\/www.exaris.be\" target=\"_blank\">Exaris Interim<\/a><\/div>\r\n        <\/div>\r\n        <!-- Section : Institutions de Bruxelles -->\r\n        <h2 class=\"references-category-title\">Institutions de Bruxelles<\/h2>\r\n        <div class=\"references-block\">\r\n            <div class=\"reference-item\"><a href=\"https:\/\/www.europarl.europa.eu\" target=\"_blank\">Parlement europ\u00e9en<\/a><\/div>\r\n            <div class=\"reference-item\"><a href=\"https:\/\/www.consilium.europa.eu\" target=\"_blank\">Conseil de l'Union europ\u00e9enne<\/a><\/div>\r\n            <div class=\"reference-item\"><a href=\"https:\/\/ec.europa.eu\" target=\"_blank\">Commission europ\u00e9enne<\/a><\/div>\r\n            <div class=\"reference-item\"><a href=\"https:\/\/www.eesc.europa.eu\" target=\"_blank\">Comit\u00e9 \u00e9conomique et social europ\u00e9en<\/a><\/div>\r\n            <div class=\"reference-item\"><a href=\"https:\/\/cor.europa.eu\" target=\"_blank\">Comit\u00e9 des r\u00e9gions<\/a><\/div>\r\n            <div class=\"reference-item\"><a href=\"https:\/\/www.ulb.be\" target=\"_blank\">Universit\u00e9 Libre de Bruxelles (ULB)<\/a><\/div>\r\n            <div class=\"reference-item\"><a href=\"https:\/\/www.vub.be\" target=\"_blank\">Vrije Universiteit Brussel (VUB)<\/a><\/div>\r\n            <div class=\"reference-item\"><a href=\"https:\/\/www.erasmushogeschool.be\" target=\"_blank\">Haute Ecole \u00c9rasme<\/a><\/div>\r\n            <div class=\"reference-item\"><a href=\"https:\/\/www.usaintlouis.be\" target=\"_blank\">Universit\u00e9 Saint-Louis - Bruxelles<\/a><\/div>\r\n            <div class=\"reference-item\"><a href=\"https:\/\/www.lacambre.be\" target=\"_blank\">Ecole Nationale Sup\u00e9rieure d'Arts Visuels de La Cambre<\/a><\/div>\r\n        <\/div>\r\n        <!-- Section : R\u00e9seau insertion socio professionnelle -->\r\n        <h2 class=\"references-category-title\">R\u00e9seau insertion socio professionnelle<\/h2>\r\n        <div class=\"references-block\">\r\n            <div class=\"reference-item\"><a href=\"https:\/\/www.actiris.brussels\/fr\/citoyens\/contrat-agence-locale-pour-l-emploi\/\" target=\"_blank\">Agence Locale pour l'Emploi (ALE)<\/a><\/div>\r\n            <div class=\"reference-item\"><a href=\"https:\/\/www.jeminforme.be\/missions-locales\/\" target=\"_blank\">Missions Locales<\/a><\/div>\r\n            <div class=\"reference-item\"><a href=\"https:\/\/www.febisp.be\/fr\/offres-d-emploi\" target=\"_blank\">Service d'Insertion Professionnelle du CPAS<\/a><\/div>\r\n        <\/div>\r\n        <!-- Section : Formation -->\r\n        <h2 class=\"references-category-title\">Formation<\/h2>\r\n        <div class=\"references-block\">\r\n            <div class=\"reference-item\">\r\n                <h3>Bruxelles-Formation<\/h3>\r\n                <p>Adresse : Avenue de l\u2019Astronomie 14, 1210 Bruxelles<\/p>\r\n                <p>Contact :<\/p>\r\n                <p>T\u00e9l\u00e9phone g\u00e9n\u00e9ral : 0800 555 66<\/p>\r\n                <p>Site web : <a href=\"https:\/\/www.bruxellesformation.brussels\" target=\"_blank\">bruxellesformation.brussels<\/a><\/p>\r\n            <\/div>\r\n            <div class=\"reference-item\">\r\n                <h3>Formation en alternance<\/h3>\r\n                <p>Offre des programmes combinant cours th\u00e9oriques et stages pratiques pour plus de 90 m\u00e9tiers.<\/p>\r\n                <a href=\"https:\/\/www.bruxellesformation.brussels\" target=\"_blank\">Visiter le site<\/a>\r\n            <\/div>\r\n            <div class=\"reference-item\">\r\n                <h3>Service public de l\u2019emploi<\/h3>\r\n                <p>Partenaire de plusieurs centres de formation, propose des formations pour apprendre un m\u00e9tier ou se perfectionner.<\/p>\r\n                <a href=\"https:\/\/www.bruxellesformation.brussels\" target=\"_blank\">Visiter le site<\/a>\r\n            <\/div>\r\n            <div class=\"reference-item\">\r\n                <h3>Centre d\u2019information et d\u2019orientation<\/h3>\r\n                <p>Fournit des ressources sur les formations, m\u00e9tiers et emploi, ainsi que des ateliers d\u2019accompagnement.<\/p>\r\n                <a href=\"https:\/\/www.bruxellesformation.brussels\" target=\"_blank\">Visiter le site<\/a>\r\n            <\/div>\r\n            <div class=\"reference-item\">\r\n                <h3>Formation professionnelle individuelle en entreprise (FPIE)<\/h3>\r\n                <a href=\"https:\/\/www.bruxellesformation.brussels\" target=\"_blank\">Visiter le site<\/a>\r\n            <\/div>\r\n            <div class=\"reference-item\">\r\n                <h3>Convention d\u2019Immersion Professionnelle (CIP)<\/h3>\r\n                <a href=\"https:\/\/www.bruxellesformation.brussels\" target=\"_blank\">Visiter le site<\/a>\r\n            <\/div>\r\n            <div class=\"reference-item\">\r\n                <h3>VDAB<\/h3>\r\n                <a href=\"https:\/\/www.vdab.be\/opleidingen\" target=\"_blank\">Visiter le site<\/a>\r\n            <\/div>\r\n            <div class=\"reference-item\">\r\n                <h3>SFPME \u2013 edp<\/h3>\r\n                <a href=\"https:\/\/www.efp.be\/\" target=\"_blank\">Visiter le site<\/a>\r\n            <\/div>\r\n        <\/div>\r\n    <\/div>\r\n<\/body>\r\n<\/html>\t\t\t\t<\/div>\n\t\t\t\t<\/div>\n\t\t\t\t<\/div>\n\t\t\t\t<\/div>\n\t\t\t\t<\/div>\n\t\t","protected":false},"excerpt":{"rendered":"<p>Premier emploi \u00e0 Bruxelles : Adresses utiles ACTIRIS Si\u00e8ge central Av de l\u2019Astronomie, 14 1210 St-Josse-ten-Noode Tel: 0800 35 123 www.actiris.be chercheursemploi@actiris.be Uniquement sur rendez-vous Antennes ACTIRIS (carte sur le site) AnderlechtRue de Birmingham 2251070 Bruxelles Berchem-Sainte-AgatheChauss\u00e9e de Gand 11541082 Berchem-Sainte-Agathe BruxellesBoulevard d\u2019Anvers 261000 Bruxelles EtterbeekBoulevard Louis Schmidt 291040 Bruxelles EvereRue de Gen\u00e8ve 1751140 Evere [&hellip;]<\/p>\n","protected":false},"author":1,"featured_media":0,"parent":0,"menu_order":0,"comment_status":"closed","ping_status":"closed","template":"","meta":{"_bbp_topic_count":0,"_bbp_reply_count":0,"_bbp_total_topic_count":0,"_bbp_total_reply_count":0,"_bbp_voice_count":0,"_bbp_anonymous_reply_count":0,"_bbp_topic_count_hidden":0,"_bbp_reply_count_hidden":0,"_bbp_forum_subforum_count":0,"footnotes":""},"class_list":["post-769","page","type-page","status-publish","hentry"],"_links":{"self":[{"href":"https:\/\/forum.equilibrevital.net\/index.php\/wp-json\/wp\/v2\/pages\/769","targetHints":{"allow":["GET"]}}],"collection":[{"href":"https:\/\/forum.equilibrevital.net\/index.php\/wp-json\/wp\/v2\/pages"}],"about":[{"href":"https:\/\/forum.equilibrevital.net\/index.php\/wp-json\/wp\/v2\/types\/page"}],"author":[{"embeddable":true,"href":"https:\/\/forum.equilibrevital.net\/index.php\/wp-json\/wp\/v2\/users\/1"}],"replies":[{"embeddable":true,"href":"https:\/\/forum.equilibrevital.net\/index.php\/wp-json\/wp\/v2\/comments?post=769"}],"version-history":[{"count":68,"href":"https:\/\/forum.equilibrevital.net\/index.php\/wp-json\/wp\/v2\/pages\/769\/revisions"}],"predecessor-version":[{"id":2857,"href":"https:\/\/forum.equilibrevital.net\/index.php\/wp-json\/wp\/v2\/pages\/769\/revisions\/2857"}],"wp:attachment":[{"href":"https:\/\/forum.equilibrevital.net\/index.php\/wp-json\/wp\/v2\/media?parent=769"}],"curies":[{"name":"wp","href":"https:\/\/api.w.org\/{rel}","templated":true}]}}